hat are the prime factors of 248762?
2, 29, 4289
What are the prime factors of 9309302?
2, 17, 273803
What are the prime factors of 1858928?
2, 223, 521
What are the prime factors of 671579?
79, 8501
What are the prime factors of 709791?
3, 197, 1201
List the prime factors of 14411182.
2, 199, 36209
What are the prime factors of 8520167?
137, 62191
List the prime factors of 1243852.
2, 149, 2087
What are the prime factors of 155266?
2, 29, 2677
List the prime factors of 362062.
2, 181031
List the prime factors of 544389.
3, 79, 2297
List the prime factors of 2964115.
5, 7, 11, 7699
What are the prime factors of 660721?
23, 1249
List the prime factors of 1322301.
3, 367, 1201
List the prime factors of 15282595.
5, 3056519
What are the prime factors of 5448776?
2, 193, 3529
List the prime factors of 235065.
3, 5, 15671
List the prime factors of 167637.
3, 17, 19, 173
What are the prime factors of 74751?
3, 24917
List the prime factors of 10932808.
2, 1366601
What are the prime factors of 1564012?
2, 31, 12613
What are the prime factors of 1066909?
1066909
List the prime factors of 11803789.
53, 222713
What are the prime factors of 1543984?
2, 13, 571
List the prime factors of 3372481.
7, 19, 25357
List the prime factors of 1230278.
2, 7, 87877
List the prime factors of 3694379.
13, 19, 14957
List the prime factors of 7293829.
23, 317123
List the prime factors of 837396.
2, 3, 7, 3323
What are the prime factors of 386572?
2, 96643
List the prime factors of 556769.
556769
List the prime factors of 6548788.
2, 1637197
What are the prime factors of 20934402?
2, 3, 89, 197, 199
List the prime factors of 7161409.
109, 65701
What are the prime factors of 21170243?
3911, 5413
List the prime factors of 438761.
438761
List the prime factors of 738114.
2, 3, 13, 9463
List the prime factors of 6540935.
5, 41, 31907
List the prime factors of 1505078.
2, 17, 44267
List the prime factors of 872198.
2, 131, 3329
What are the prime factors of 26823546?
2, 3, 467, 3191
List the prime factors of 230070.
2, 3, 5, 7669
List the prime factors of 2806205.
5, 19, 109, 271
List the prime factors of 323337.
3, 7, 89, 173
List the prime factors of 36215931.
3, 1367, 8831
List the prime factors of 2023196.
2, 7, 19, 3803
What are the prime factors of 1028214?
2, 3, 11, 577
List the prime factors of 2843292.
2, 3, 313, 757
List the prime factors of 6677760.
2, 3, 5, 37, 47
What are the prime factors of 205903?
19, 10837
What are the prime factors of 760984?
2, 7, 107, 127
List the prime factors of 425635.
5, 7, 12161
What are the prime factors of 459401?
19, 24179
What are the prime factors of 362998?
2, 181499
List the prime factors of 242124.
2, 3, 20177
What are the prime factors of 433715?
5, 86743
List the prime factors of 83390.
2, 5, 31, 269
What are the prime factors of 362500?
2, 5, 29
List the prime factors of 3185996.
2, 11, 19, 37, 103
What are the prime factors of 1099677?
3, 37, 9907
What are the prime factors of 6914185?
5, 43, 32159
List the prime factors of 12917094.
2, 3, 2152849
List the prime factors of 15410237.
15410237
List the prime factors of 2666720.
2, 5, 7, 2381
What are the prime factors of 8867512?
2, 23, 48193
What are the prime factors of 2816826?
2, 3, 19, 24709
List the prime factors of 291170.
2, 5, 11, 2647
List the prime factors of 1527808.
2, 373
What are the prime factors of 1241823?
3, 11, 311
List the prime factors of 1404433.
331, 4243
List the prime factors of 16173105.
3, 5, 13, 82939
What are the prime factors of 10546704?
2, 3, 7, 10463
List the prime factors of 1263445.
5, 71, 3559
What are the prime factors of 828798?
2, 3, 47, 2939
List the prime factors of 1417739.
41, 151, 229
What are the prime factors of 98085?
3, 5, 13, 503
List the prime factors of 3027604.
2, 41, 18461
List the prime factors of 69736.
2, 23, 379
What are the prime factors of 1421955?
3, 5, 3511
What are the prime factors of 1056286?
2, 7, 11, 19
What are the prime factors of 10558070?
2, 5, 89, 11863
What are the prime factors of 509224?
2, 53, 1201
List the prime factors of 8611727.
103, 83609
List the prime factors of 190938.
2, 3, 11, 263
What are the prime factors of 4326369?
3, 23, 62701
List the prime factors of 10996999.
13, 65071
What are the prime factors of 1814394?
2, 3, 302399
List the prime factors of 408170.
2, 5, 7, 17
List the prime factors of 2433790.
2, 5, 257, 947
List the prime factors of 6354626.
2, 19, 43, 3889
What are the prime factors of 68561?
17, 37, 109
What are the prime factors of 464494?
2, 271, 857
What are the prime factors of 38202375?
3, 5, 101873
List the prime factors of 829844.
2, 19, 61, 179
What are the prime factors of 1136031?
3, 13, 29129
List the prime factors of 5874165.
3, 5, 11, 11867
What are the prime factors of 18467102?
2, 73, 126487
List the prime factors of 125387.
125387
List the prime factors of 252445.
5, 29, 1741
What are the prime factors of 1331016?
2, 3, 31, 1789
What are the prime factors of 813336?
2, 3, 33889
List the prime factors of 765417.
3, 23, 11093
List the prime factors of 399508.
2, 99877
What are the prime factors of 5249201?
367, 14303
What are the prime factors of 1167886?
2, 241, 2423
List the prime factors of 244779.
3, 139, 587
List the prime factors of 846785.
5, 163, 1039
List the prime factors of 1737629.
433, 4013
List the prime factors of 5047228.
2, 883, 1429
List the prime factors of 6659.
6659
List the prime factors of 1196695.
5, 137, 1747
What are the prime factors of 2568437?
811, 3167
What are the prime factors of 554422?
2, 11, 29, 79
List the prime factors of 1531641.
3, 139, 3673
List the prime factors of 2181295.
5, 19, 22961
List the prime factors of 1964433.
3, 41, 15971
List the prime factors of 328887.
3, 13, 937
List the prime factors of 4035748.
2, 1008937
What are the prime factors of 5779446?
2, 3, 963241
What are the prime factors of 921777?
3, 307259
List the prime factors of 59902.
2, 61, 491
What are the prime factors of 122901?
3, 71, 577
List the prime factors of 341089.
7, 6961
List the prime factors of 47487.
3, 11, 1439
List the prime factors of 484340.
2, 5, 61, 397
What are the prime factors of 2861403?
3, 97, 9833
What are the prime factors of 208224?
2, 3, 241
What are the prime factors of 138391?
11, 23, 547
What are the prime factors of 21502413?
3, 229, 10433
List the prime factors of 36987.
3, 12329
What are the prime factors of 38771379?
3, 159553
What are the prime factors of 311900?
2, 5, 3119
What are the prime factors of 508814?
2, 254407
List the prime factors of 476483.
7, 43, 1583
What are the prime factors of 250961?
41, 6121
What are the prime factors of 303451?
43, 7057
List the prime factors of 192581.
192581
What are the prime factors of 237777?
3, 79259
What are the prime factors of 97647?
3, 11, 269
List the prime factors of 2396042.
2, 11, 9901
What are the prime factors of 99847?
11, 29, 313
List the prime factors of 621775.
5, 7, 11, 17, 19
List the prime factors of 546563.
29, 47, 401
What are the prime factors of 332222?
2, 11, 15101
List the prime factors of 6850117.
61, 112297
What are the prime factors of 947847?
3, 315949
What are the prime factors of 7090580?
2, 5, 7, 50647
List the prime factors of 2335661.
2335661
List the prime factors of 9754570.
2, 5, 7, 331, 421
List the prime factors of 133578.
2, 3, 41, 181
List the prime factors of 2188820.
2, 5, 109441
What are the prime factors of 3025594?
2, 11, 13, 71, 149
What are the prime factors of 23424004?
2, 67, 87403
What are the prime factors of 653100?
2, 3, 5, 7, 311
What are the prime factors of 309555?
3, 5, 2293
What are the prime factors of 193079?
53, 3643
List the prime factors of 215299.
7, 30757
List the prime factors of 612493.
7, 17, 5147
List the prime factors of 5794593.
3, 7, 39419
List the prime factors of 626368.
2, 9787
What are the prime factors of 225177?
3, 47, 1597
List the prime factors of 610173.
3, 31
What are the prime factors of 1793911?
7, 29, 8837
What are the prime factors of 128238?
2, 3, 11, 29, 67
List the prime factors of 2183412.
2, 3, 7, 11, 17, 139
What are the prime factors of 8160599?
41, 199039
List the prime factors of 9850634.
2, 107, 191, 241
What are the prime factors of 7342096?
2, 17, 26993
What are the pr